204 a multiple of 4?
True
Does 132 divide 1727918016?
True
Is 147 a factor of 4026885366?
True
Is 823332525 a multiple of 975?
False
Is 4932598625 a multiple of 45?
False
Is 524938302 a multiple of 63?
True
Does 15 divide 232254825?
True
Is 319 a factor of 594786027?
True
Does 15 divide 60533640?
True
Is 290626941 a multiple of 11?
True
Is 351 a factor of 33751194?
False
Is 1039 a factor of 501644785?
True
Is 53363152 a multiple of 396?
False
Is 15 a factor of 93716593?
False
Is 1285 a factor of 719489640?
False
Is 304 a factor of 665359024?
True
Is 22235472 a multiple of 648?
True
Is 2512397 a multiple of 37?
False
Does 1295 divide 275096850?
True
Does 2490 divide 187579950?
False
Is 44 a factor of 44702768?
True
Does 194 divide 697133180?
True
Is 58 a factor of 2140020124?
False
Is 16 a factor of 389075856?
True
Is 46 a factor of 5467391?
False
Is 263063569 a multiple of 333?
False
Is 19726530 a multiple of 12?
False
Does 539 divide 69032425?
True
Does 4082 divide 1034607392?
True
Does 1463 divide 330870617?
True
Is 6 a factor of 117889815?
False
Does 9 divide 31950486?
True
Is 115 a factor of 27422440?
True
Is 8 a factor of 437284084?
False
Is 73029840 a multiple of 48?
True
Does 76 divide 1800593777?
False
Is 16 a factor of 780300944?
True
Does 4556 divide 119257856?
True
Is 49 a factor of 380240?
True
Does 632 divide 59358704?
True
Is 46 a factor of 1550055652?
True
Does 87 divide 87641464?
False
Is 14895 a multiple of 5?
True
Is 14 a factor of 36922018?
True
Does 72 divide 1478312568?
True
Does 103 divide 24284104?
True
Does 72 divide 10059866?
False
Is 8 a factor of 567425324?
False
Is 59 a factor of 107538101?
False
Does 38 divide 211917222?
True
Is 22 a factor of 40311912?
False
Does 132 divide 1716725299?
False
Is 34306192 a multiple of 749?
False
Is 398 a factor of 1432031?
False
Is 138505380 a multiple of 30?
True
Is 93 a factor of 226032129?
True
Is 13401249 a multiple of 3489?
True
Is 950137716 a multiple of 8?
False
Is 2746660368 a multiple of 888?
True
Is 2048 a factor of 820402318?
False
Does 12 divide 61103736?
True
Is 19 a factor of 165779807?
True
Is 31596154 a multiple of 17?
False
Is 40759105 a multiple of 154?
False
Is 6 a factor of 75899754?
True
Is 1771 a factor of 159185922?
False
Is 10565640 a multiple of 270?
True
Is 2147964 a multiple of 84?
True
Is 664 a factor of 532904574?
False
Is 14 a factor of 66794518?
True
Is 40462036 a multiple of 811?
False
Does 57 divide 423109187?
False
Does 8 divide 8306968?
True
Does 1540 divide 297383569?
False
Is 267 a factor of 69473566?
False
Is 105720154 a multiple of 40?
False
Does 10 divide 25608260?
True
Is 1478 a factor of 1263817108?
True
Is 292055842 a multiple of 1313?
True
Is 5 a factor of 719830311?
False
Is 156135072 a multiple of 25?
False
Does 371 divide 48131150?
False
Is 26265848 a multiple of 332?
True
Is 1055237458 a multiple of 328?
False
Is 1809 a factor of 81594553?
False
Is 929644198 a multiple of 707?
True
Does 42 divide 93056282?
False
Does 47 divide 700028227?
False
Is 811161645 a multiple of 15?
True
Does 169 divide 22696478?
False
Does 481 divide 1047883512?
True
Is 147569658 a multiple of 431?
False
Is 803629 a multiple of 17?
False
Does 5 divide 27645824?
False
Is 514 a factor of 410418720?
True
Does 105 divide 487515?
True
Is 17 a factor of 786357224?
False
Does 28 divide 49109620?
True
Does 11 divide 5323748287?
True
Is 32530563 a multiple of 39?
True
Is 191521368 a multiple of 228?
True
Is 4269993927 a multiple of 569?
True
Does 31 divide 11810814?
True
Is 31 a factor of 65698205?
False
Is 1404 a factor of 2795158928?
False
Is 29 a factor of 7392756?
False
Is 386 a factor of 3594122814?
True
Is 81409171 a multiple of 2408?
False
Is 68 a factor of 28678299?
False
Does 2417 divide 55063649?
False
Is 2810 a factor of 189554858?
False
Does 744 divide 291175995?
False
Is 18 a factor of 30077892?
True
Does 1505 divide 24856580?
True
Is 8 a factor of 84408320?
True
Is 241 a factor of 137686806?
False
Is 74 a factor of 1838483454?
True
Does 639 divide 351578439?
True
Is 222649830 a multiple of 831?
True
Is 451022775 a multiple of 104?
False
Is 2 a factor of 31623850?
True
Is 133 a factor of 40619663?
True
Is 44205864 a multiple of 8?
True
Is 47 a factor of 49585733?
False
Does 63 divide 504431262?
False
Is 684937058 a multiple of 13?
True
Does 28 divide 54755215?
False
Is 4 a factor of 4217064?
True
Is 1436 a factor of 421327462?
False
Is 16638608 a multiple of 17?
False
Does 34 divide 329081029?
False
Is 41 a factor of 80870163?
True
Is 686504347 a multiple of 103?
False
Is 1649551862 a multiple of 27?
False
Is 18618380 a multiple of 20?
True
Does 311 divide 282315407?
False
Is 418 a factor of 248167448?
False
Does 4150 divide 563744300?
True
Is 1464795333 a multiple of 578?
False
Is 39 a factor of 4783818?
True
Is 10 a factor of 1575077993?
False
Is 76877927 a multiple of 978?
False
Is 10 a factor of 421393871?
False
Is 46 a factor of 880091136?
True
Does 2161 divide 43466354?
True
Is 334356594 a multiple of 362?
True
Is 3606 a factor of 139278144?
True
Is 499 a factor of 18931757?
False
Is 1061 a factor of 72183013?
True
Does 22 divide 114473?
False
Is 10252 a multiple of 22?
True
Is 3049 a factor of 141522384?
True
Is 2444256960 a multiple of 480?
True
Does 6729 divide 167767502?
False
Is 134 a factor of 18807704?
True
Does 1645 divide 212058595?
True
Is 37 a factor of 58137138?
True
Is 42 a factor of 31169334?
True
Is 58661058 a multiple of 222?
True
Is 28075022 a multiple of 2278?
False
Does 37 divide 115635730?
True
Is 297530948 a multiple of 286?
True
Is 46175364 a multiple of 9?
True
Is 47 a factor of 137638955?
False
Is 5838766 a multiple of 36?
False
Does 312 divide 44118984?
True
Is 30770770 a multiple of 43?
False
Is 4427431 a multiple of 23?
True
Does 120 divide 480298080?
True
Is 4346073390 a multiple of 415?
True
Is 337882250 a multiple of 402?
False
Does 27 divide 65557090?
False
Is 393881194 a multiple of 54?
False
Is 65 a factor of 84002685?
True
Is 1883399022 a multiple of 4051?
True
Is 51 a factor of 857263690?
False
Is 142354667 a multiple of 30?
False
Does 184 divide 3151368?
True
Is 644093406 a multiple of 1089?
True
Is 1145 a factor of 29012010?
True
Is 340997 even?
False
Does 12 divide 215855689?
False
Is 235 a factor of 82601380?
False
Does 2106 divide 85552038?
True
Is 1455292620 a multiple of 15?
True
Does 81 divide 293051763?
True
Is 872255979 a multiple of 21?
True
Does 29 divide 74995997?
False
Is 163091826 a multiple of 1899?
False
Is 1264488090 a multiple of 15?
True
Is 777 a factor of 237604269?
True
Is 34 a factor of 43534958?
False
Does 1199 divide 62993062?
True
Is 7 a factor of 108986766?
True
Is 19611552 a multiple of 6?
True
Does 21 divide 109105236?
False
Is 4266880 a multiple of 590?
True
Is 66 a factor of 717990834?
True
Is 452 a factor of 18444059?
False
Is 401144205 a multiple of 197?
True
Is 560 a factor of 37238880?
True
Is 105528531 a multiple of 23?
True
Does 207 divide 9986962?
False
Is 917 a factor of 34203183?
True
Is 2824218000 a multiple of 3000?
True
Does 72 divide 17392752?
True
Does 2781 divide 494742681?
True
Is 20 a factor of 844058?
False
Is 9 a factor of 1018868351?
False
Is 537236260 a multiple of 62?
False
Is 8449005 a multiple of 168?
False
Is 2232537990 a multiple of 787?
True
Does 9 divide 1745231706?
True
Does 242 divide 15047802?
True
Does 7 divide 377316807?
True
Is 19 a factor of 460022831?
False
Does 30 divide 286493760?
True
Does 141 divide 568095469?
False
Does 3050 divide 359287031?
False
Does 3239 divide 43821441?
False
Is 53170560 a multiple of 45?
True
Is 7177974 a multiple of 6?
True
Is 205586804 a multiple of 141?
False
Does 6 divide 42512982?
True
Does 16 divide 812251187?
False
Does 574 divide 3270652?
True
Is 22952970 a multiple of 1318?
True
Is 35 a factor of 288011282?
False
Does 398 divide 464334660?
True
Is 633459456 a multiple of 784?
True
Is 683 a factor of 73748291?
True
Does 57 divide 49239125?
False
Is 61 a factor of 6498196?
False
Is 281742993 a multiple of 711?
True
Is 10307666 a multiple of 138?
False
Is 348 a factor of 547056?
True
Is 12 a factor of 7115414?
False
Is 52 a factor of 33341152?
True
Does 7 divide 776739831?
True
Is 94 a factor of 57100676?
True
